
Is 430634 prime?
False
Is 275851 a composite number?
True
Is 156863 prime?
False
Is 439123 a prime number?
True
Is 6443 a composite number?
True
Is 26557 a composite number?
False
Is 3847 a composite number?
False
Is 19289 a prime number?
True
Is 240181 composite?
True
Is 725035 composite?
True
Is 4049 a prime number?
True
Is 16973 a prime number?
False
Is 1579601 composite?
True
Is 387421 composite?
True
Is 586 a prime number?
False
Is 2427 composite?
True
Is 129629 a composite number?
False
Is 2511077 a composite number?
True
Is 39781 prime?
False
Is 5137 a prime number?
False
Is 435103 composite?
False
Is 42037 prime?
False
Is 127781 composite?
False
Is 1617683 prime?
False
Is 354529 composite?
True
Is 29243 a composite number?
False
Is 320627 a composite number?
False
Is 7934 composite?
True
Is 8506 prime?
False
Is 216817 a composite number?
True
Is 252139 a prime number?
True
Is 87019 a prime number?
False
Is 1229051 prime?
False
Is 7197 a prime number?
False
Is 13963 prime?
True
Is 1570837 composite?
False
Is 466517 prime?
True
Is 49169 composite?
False
Is 4193 a prime number?
False
Is 38531 composite?
True
Is 28643 a composite number?
False
Is 1109 composite?
False
Is 4162 a composite number?
True
Is 1618 prime?
False
Is 791 composite?
True
Is 31357 a composite number?
False
Is 215909 composite?
False
Is 1211413 composite?
True
Is 40867 prime?
True
Is 30611 composite?
True
Is 4645 prime?
False
Is 64522 a composite number?
True
Is 1584307 prime?
True
Is 818267 composite?
True
Is 114407 composite?
False
Is 1657 a prime number?
True
Is 258374 composite?
True
Is 65735 a prime number?
False
Is 520529 composite?
False
Is 2663771 a prime number?
False
Is 3566 a prime number?
False
Is 1101 composite?
True
Is 420541 a prime number?
False
Is 614 a prime number?
False
Is 89 a prime number?
True
Is 5435 a composite number?
True
Is 1973 a prime number?
True
Is 93601 a composite number?
False
Is 951718 prime?
False
Is 64481 a composite number?
True
Is 29779 composite?
True
Is 23651 a prime number?
False
Is 3299 composite?
False
Is 39749 prime?
True
Is 310481 prime?
True
Is 10418 composite?
True
Is 59317 prime?
False
Is 181979 a prime number?
False
Is 588347 composite?
False
Is 8443 a composite number?
False
Is 264779 prime?
True
Is 751561 a composite number?
True
Is 458197 prime?
True
Is 5779 composite?
False
Is 27381 composite?
True
Is 15859 composite?
False
Is 29199 composite?
True
Is 1673 a composite number?
True
Is 20681 composite?
False
Is 73399 a prime number?
False
Is 107722 a prime number?
False
Is 10037 a prime number?
True
Is 538591 a composite number?
True
Is 48721 a composite number?
True
Is 20903 a composite number?
False
Is 238141 a prime number?
True
Is 11911 prime?
False
Is 17943 composite?
True
Is 13327 a prime number?
True
Is 5557 a prime number?
True
Is 845761 a composite number?
True
Is 8191 a composite number?
False
Is 29738 a composite number?
True
Is 3434279 composite?
False
Is 34019 prime?
True
Is 1687241 prime?
False
Is 17777 a composite number?
True
Is 680153 a composite number?
True
Is 274447 composite?
True
Is 45293 prime?
True
Is 153191 a prime number?
True
Is 7069 a composite number?
False
Is 11371 prime?
False
Is 47305 a composite number?
True
Is 51773 prime?
False
Is 27497 a prime number?
False
Is 72619 composite?
True
Is 300229 a prime number?
True
Is 73687 composite?
True
Is 328183 prime?
False
Is 128717 prime?
True
Is 10049 a prime number?
False
Is 276145 composite?
True
Is 15469 a composite number?
True
Is 4721 composite?
False
Is 232195 composite?
True
Is 1629187 a prime number?
False
Is 112901 composite?
False
Is 2099 prime?
True
Is 54521 a composite number?
False
Is 75109 composite?
False
Is 100789 composite?
True
Is 7121 a prime number?
True
Is 306317 a composite number?
True
Is 41879 prime?
True
Is 38289 prime?
False
Is 137134 a prime number?
False
Is 83303 a composite number?
True
Is 8881901 prime?
False
Is 363313 a prime number?
True
Is 3671 a composite number?
False
Is 2646881 prime?
True
Is 1854991 a prime number?
True
Is 196433 prime?
False
Is 52453 composite?
False
Is 49783 prime?
True
Is 6973 a prime number?
False
Is 638803 prime?
False
Is 64154 composite?
True
Is 1195891 composite?
False
Is 79031 composite?
False
Is 177803 prime?
False
Is 362566 prime?
False
Is 31121 composite?
False
Is 11209 prime?
False
Is 8656411 composite?
False
Is 2117 a composite number?
True
Is 34807 a prime number?
True
Is 199754 prime?
False
Is 46457 composite?
False
Is 533543 a prime number?
True
Is 198461 prime?
True
Is 18319 a prime number?
False
Is 22247 a composite number?
False
Is 545521 a prime number?
True
Is 220567 prime?
False
Is 2579 composite?
False
Is 1537 a composite number?
True
Is 1104659 composite?
False
Is 72951 a composite number?
True
Is 441219 a prime number?
False
Is 40693 a prime number?
True
Is 128081 a composite number?
True
Is 1065887 a prime number?
True
Is 13057 a prime number?
False
Is 2153 prime?
True
Is 46589 a prime number?
True
Is 4049 composite?
False
Is 248971 prime?
True
Is 608459 a prime number?
True
Is 29269 a composite number?
False
Is 17569 prime?
True
Is 329335 prime?
False
Is 282767 a prime number?
True
Is 58099 a prime number?
True
Is 80021 a prime number?
True
Is 13411 prime?
True
Is 379 prime?
True
Is 17617 a composite number?
True
Is 29363 prime?
True
Is 1217509 composite?
False
Is 19297 prime?
False
Is 4673 a composite number?
False
Is 185621 a composite number?
False
Is 99551 a prime number?
True
Is 2531 composite?
False
Is 297831 prime?
False
Is 8081 a composite number?
False
Is 43211 prime?
False
Is 69899 a prime number?
True
Is 100019 prime?
True
Is 12589 a prime number?
True
Is 44483 composite?
False
Is 9122 prime?
False
Is 67729 prime?
False
Is 16271 a prime number?
False
Is 1993 a composite number?
False
Is 215077 composite?
False
Is 55669 a prime number?
False
Is 244109 a prime number?
True
Is 1394807 prime?
False
Is 1638003 prime?
False
Is 734899 composite?
True
Is 219179 a composite number?
True
Is 96983 composite?
True
Is 6805 a composite number?
True
Is 8407 a prime number?
False
Is 40431 a prime number?
False
Is 1117 prime?
True
Is 1357 composite?
True
Is 136769 composite?
False
Is 639511 a composite number?
False
Is 86261 composite?
True
Is 407 prime?
False
Is 24733 a prime number?
True
Is 414157 a prime number?
True
Is 10723 a prime number?
True
Is 23971 prime?
True
Is 797 prime?
True
Is 1711 a prime number?
False
Is 17657 prime?
True
Is 25891 a prime number?
False
Is 247 a composite number?
True
Is 10841 prime?
False
Is 203531 prime?
True
Is 46015 a composite number?
True
Is 14143 composite?
False
Is 422621 a prime number?
True
Is 619657 a prime number?
True
Is 8129 composite?
True
Is 56741 composite?
True
Is 1403767 a composite number?
True
Is 251705 a composite number?
True
Is 327713 prime?
False
Is 48142 a composite number?
True
Is 283723 composite?
True
Is 4609 a prime number?
False
Is 566419 a prime number?
False
Is 11581 composite?
True
Is 436571 a prime number?
True
Is 116635 a prime number?
False
Is 12686 a composite number?
True
Is 306301 a composite number?
False
Is 63647 a composite number?
False
Is 22087 a composite number?
True
Is 330323 a prime number?
False
Is 337891 prime?
True
Is 527026 prime?
False
Is 654635 a prime number?
False
Is 100103 a composite number?
False
Is 13613 a prime number?
True
Is 1131257 composite?
True
Is 3927527 composite?
True
Is 9349 prime?
True
Is 151941 a composite number?
True
Is 107691 prime?
False
Is 221567 prime?
True
Is 907 a composite number?
False
Is 3019 composite?
False
Is 27593 a composite number?
True
Is 1035563 composite?
False
Is 855013 a composite number?
True
Is 1507 prime?
False
Is 83539 prime?
False
Is 11467 prime?
True
Is 415 prime?
False
Is 373682 composite?
True
Is 4406 a composite number?
True
Is 493817 prime?
True
Is 38002 composite?
True
Is 61271 composite?
True
Is 8977 a composite number?
True
Is 3811 a composite number?
True
Is 2119 a prime number?
False
Is 2194 composite?
True
Is 2207561 composite?
False
Is 2979031 composite?
True
Is 54919 a composite number?
False
Is 201241 prime?
False
Is 961539 a prime number?
False
Is 87443 composite?
False
Is 889 composite?
True
Is 887311 a prime number?